{"id":12,"date":"2025-05-10T14:40:10","date_gmt":"2025-05-10T14:40:10","guid":{"rendered":"http:\/\/tszlogistics.pl\/?page_id=12"},"modified":"2025-05-10T16:11:06","modified_gmt":"2025-05-10T16:11:06","slug":"home","status":"publish","type":"page","link":"https:\/\/tszlogistics.pl\/","title":{"rendered":"Strona g\u0142\u00f3wna"},"content":{"rendered":"\n<p>\u015awiadczymy nasze us\u0142ugi na terenie Polski oraz calej Europy. G\u0142\u00f3wnymi kierunkami sa; Polska,Holandia,Belgia, Francja, Hiszpania,Niemcy,W\u0142ochy,Austria, Czechy, W\u0119gry,Rumunia, Bu\u0142garia, Grecja.<\/p>\n\n\n\n<p><\/p>\n","protected":false},"excerpt":{"rendered":"<p>\u015awiadczymy nasze us\u0142ugi na terenie Polski oraz calej Europy. G\u0142\u00f3wnymi kierunkami sa; Polska,Holandia,Belgia, Francja, Hiszpania,Niemcy,W\u0142ochy,Austria, Czechy, W\u0119gry,Rumunia, Bu\u0142garia, Grecja.<\/p>\n","protected":false},"author":1,"featured_media":0,"parent":0,"menu_order":0,"comment_status":"closed","ping_status":"closed","template":"default-home.php","meta":{"footnotes":""},"class_list":["post-12","page","type-page","status-publish","hentry"],"_links":{"self":[{"href":"https:\/\/tszlogistics.pl\/index.php?rest_route=\/wp\/v2\/pages\/12","targetHints":{"allow":["GET"]}}],"collection":[{"href":"https:\/\/tszlogistics.pl\/index.php?rest_route=\/wp\/v2\/pages"}],"about":[{"href":"https:\/\/tszlogistics.pl\/index.php?rest_route=\/wp\/v2\/types\/page"}],"author":[{"embeddable":true,"href":"https:\/\/tszlogistics.pl\/index.php?rest_route=\/wp\/v2\/users\/1"}],"replies":[{"embeddable":true,"href":"https:\/\/tszlogistics.pl\/index.php?rest_route=%2Fwp%2Fv2%2Fcomments&post=12"}],"version-history":[{"count":2,"href":"https:\/\/tszlogistics.pl\/index.php?rest_route=\/wp\/v2\/pages\/12\/revisions"}],"predecessor-version":[{"id":54,"href":"https:\/\/tszlogistics.pl\/index.php?rest_route=\/wp\/v2\/pages\/12\/revisions\/54"}],"wp:attachment":[{"href":"https:\/\/tszlogistics.pl\/index.php?rest_route=%2Fwp%2Fv2%2Fmedia&parent=12"}],"curies":[{"name":"wp","href":"https:\/\/api.w.org\/{rel}","templated":true}]}}